321.
7, 13, 19, 449
What are the prime factors of 207778?
2, 103889
What are the prime factors of 30741708?
2, 3, 23, 31, 3593
What are the prime factors of 447618?
2, 3, 61, 1223
What are the prime factors of 591250?
2, 5, 11, 43
What are the prime factors of 51930?
2, 3, 5, 577
List the prime factors of 107569.
7, 11, 127
List the prime factors of 11821780.
2, 5, 591089
What are the prime factors of 195498?
2, 3, 10861
What are the prime factors of 3517048?
2, 439631
List the prime factors of 1520719.
1520719
What are the prime factors of 788044?
2, 19, 10369
List the prime factors of 189151.
189151
What are the prime factors of 1021812?
2, 3, 11, 7741
What are the prime factors of 491966?
2, 245983
What are the prime factors of 11357577?
3, 7, 11, 607
What are the prime factors of 3071318?
2, 43, 71, 503
List the prime factors of 513843.
3, 11, 23, 677
List the prime factors of 80322.
2, 3, 11, 1217
List the prime factors of 10279138.
2, 53, 96973
List the prime factors of 575673.
3, 7, 79, 347
What are the prime factors of 43220363?
43220363
What are the prime factors of 370938?
2, 3, 211, 293
List the prime factors of 17666320.
2, 5, 7, 31547
What are the prime factors of 2951359?
29, 101771
What are the prime factors of 42568?
2, 17, 313
List the prime factors of 18795.
3, 5, 7, 179
List the prime factors of 2817962.
2, 7, 31, 43, 151
List the prime factors of 1785232.
2, 111577
What are the prime factors of 20136592?
2, 7, 23, 7817
List the prime factors of 55253.
11, 5023
What are the prime factors of 572781?
3, 11, 17, 1021
List the prime factors of 117538.
2, 17, 3457
List the prime factors of 303465.
3, 5, 20231
What are the prime factors of 6551509?
31, 211339
List the prime factors of 1398582.
2, 3, 77699
List the prime factors of 673795.
5, 17, 7927
List the prime factors of 4218984.
2, 3, 7, 11, 761
List the prime factors of 49354.
2, 24677
What are the prime factors of 9529229?
653, 14593
What are the prime factors of 4032651?
3, 7, 3919
List the prime factors of 4721818.
2, 17, 113, 1229
What are the prime factors of 184123?
101, 1823
What are the prime factors of 1178783?
37, 31859
List the prime factors of 1850801.
61, 30341
List the prime factors of 29916.
2, 3, 277
What are the prime factors of 42896860?
2, 5, 2144843
What are the prime factors of 286379?
73, 3923
What are the prime factors of 4182236?
2, 1045559
List the prime factors of 3467545.
5, 61, 11369
What are the prime factors of 276840?
2, 3, 5, 769
What are the prime factors of 229989?
3, 31, 2473
What are the prime factors of 319?
11, 29
List the prime factors of 129354.
2, 3, 21559
List the prime factors of 207222.
2, 3, 34537
What are the prime factors of 17174632?
2, 19, 103, 1097
What are the prime factors of 2940187?
2940187
What are the prime factors of 4381400?
2, 5, 19, 1153
What are the prime factors of 31346?
2, 7, 2239
What are the prime factors of 184133?
184133
What are the prime factors of 3748544?
2, 37, 1583
List the prime factors of 6654440.
2, 5, 13, 67, 191
What are the prime factors of 7113041?
13, 42089
What are the prime factors of 256624?
2, 43, 373
What are the prime factors of 360883?
563, 641
List the prime factors of 118168.
2, 14771
List the prime factors of 11368711.
11368711
List the prime factors of 9703652.
2, 7, 346559
What are the prime factors of 527157?
3, 58573
What are the prime factors of 536854?
2, 41, 6547
What are the prime factors of 4480577?
311, 14407
List the prime factors of 2085434.
2, 13, 80209
List the prime factors of 3693235.
5, 7, 13, 8117
List the prime factors of 299028.
2, 3, 24919
What are the prime factors of 4455649?
11, 17, 23827
What are the prime factors of 2952921?
3, 984307
List the prime factors of 10944132.
2, 3, 61, 14951
List the prime factors of 1846.
2, 13, 71
List the prime factors of 12071374.
2, 7, 862241
What are the prime factors of 8053416?
2, 3, 7, 19, 29
List the prime factors of 3822539.
7, 181, 431
List the prime factors of 2059492.
2, 514873
What are the prime factors of 450496?
2, 7039
What are the prime factors of 84866?
2, 42433
What are the prime factors of 477857?
477857
List the prime factors of 6652197.
3, 31, 113, 211
List the prime factors of 4087202.
2, 7, 29, 10067
List the prime factors of 4121902.
2, 409, 5039
List the prime factors of 51821.
7, 11, 673
List the prime factors of 297301.
59, 5039
List the prime factors of 5089319.
109, 46691
What are the prime factors of 1475433?
3, 29, 5653
List the prime factors of 707423.
349, 2027
List the prime factors of 11893420.
2, 5, 7, 11, 7723
What are the prime factors of 309765?
3, 5, 107, 193
What are the prime factors of 6619630?
2, 5, 17, 23, 1693
List the prime factors of 85443.
3, 19, 1499
What are the prime factors of 338970?
2, 3, 5, 11299
What are the prime factors of 3931126?
2, 271, 7253
What are the prime factors of 4505459?
7, 17, 37861
List the prime factors of 3143855.
5, 11, 13, 4397
What are the prime factors of 821282?
2, 7, 11, 5333
List the prime factors of 247202.
2, 123601
List the prime factors of 13414984.
2, 11, 152443
List the prime factors of 479762.
2, 97, 2473
What are the prime factors of 3932028?
2, 3, 239, 457
List the prime factors of 197300.
2, 5, 1973
What are the prime factors of 706392?
2, 3, 9811
List the prime factors of 15809.
15809
What are the prime factors of 10179378?
2, 3, 11, 17137
List the prime factors of 1426809.
3, 179, 2657
What are the prime factors of 2752119?
3, 191, 1601
What are the prime factors of 32294659?
479, 67421
List the prime factors of 2299368.
2, 3, 149, 643
What are the prime factors of 15826065?
3, 5, 17, 53, 1171
List the prime factors of 75061.
7, 10723
What are the prime factors of 725872?
2, 7, 6481
List the prime factors of 2875478.
2, 1437739
List the prime factors of 11648179.
17, 383, 1789
What are the prime factors of 1487956?
2, 397, 937
What are the prime factors of 950030?
2, 5, 95003
What are the prime factors of 458978?
2, 13, 127, 139
List the prime factors of 2545201.
59, 179, 241
What are the prime factors of 5270756?
2, 67, 71, 277
What are the prime factors of 6858475?
5, 13, 47, 449
What are the prime factors of 232137?
3, 25793
What are the prime factors of 8863991?
773, 11467
What are the prime factors of 92162?
2, 7, 29, 227
What are the prime factors of 7584692?
2, 1896173
List the prime factors of 1126011.
3, 23, 16319
List the prime factors of 2095707.
3, 71, 9839
List the prime factors of 13396.
2, 17, 197
What are the prime factors of 104068?
2, 26017
What are the prime factors of 227584?
2, 7, 127
List the prime factors of 7034086.
2, 31, 113453
What are the prime factors of 473902?
2, 11, 13, 1657
List the prime factors of 505962.
2, 3, 28109
List the prime factors of 483563.
483563
List the prime factors of 322083.
3, 79, 151
List the prime factors of 249257.
249257
What are the prime factors of 6988342?
2, 251, 13921
List the prime factors of 250891.
89, 2819
What are the prime factors of 13655125?
5, 11, 9931
List the prime factors of 119922.
2, 3, 11, 23, 79
What are the prime factors of 327258?
2, 3, 18181
What are the prime factors of 333192?
2, 3, 13883
List the prime factors of 2398587.
3, 799529
List the prime factors of 10985088.
2, 3, 28607
List the prime factors of 189368.
2, 23671
What are the prime factors of 12660464?
2, 599, 1321
List the prime factors of 279431.
279431
What are the prime factors of 345414?
2, 3, 23, 2503
What are the prime factors of 6042469?
29, 139, 1499
What are the prime factors of 13341?
3, 4447
What are the prime factors of 203434?
2, 7, 11, 1321
What are the prime factors of 17418191?
7, 67, 37139
List the prime factors of 1338754.
2, 669377
List the prime factors of 1097619.
3, 151, 2423
List the prime factors of 682911.
3, 8431
List the prime factors of 7071432.
2, 3, 47, 6269
List the prime factors of 298088.
2, 7, 5323
What are the prime factors of 3687115?
5, 737423
List the prime factors of 23426655.
3, 5, 7, 31873
List the prime factors of 17322833.
11, 839, 1877
List the prime factors of 3161125.
5, 11, 19
What are the prime factors of 2127146?
2, 7, 151939
What are the prime factors of 346849?
346849
What are the prime factors of 33677?
7, 17, 283
What are the prime factor